{"id":64,"date":"2022-05-31T10:07:07","date_gmt":"2022-05-31T08:07:07","guid":{"rendered":"https:\/\/terrildumartinet.be\/?page_id=64"},"modified":"2026-01-31T18:27:51","modified_gmt":"2026-01-31T17:27:51","slug":"un-squatt-a-bastogne","status":"publish","type":"page","link":"https:\/\/quartierdumartinet.be\/index.php\/historique\/un-squatt-a-bastogne\/","title":{"rendered":"Un squatt \u00e0 Bastogne"},"content":{"rendered":"\n<p>Durant des semaines, plus rien ne bouge. C\u2019est difficilement supportable !<\/p>\n\n\n\n<p>C\u2019est alors que par l&rsquo;interm\u00e9diaire d&rsquo;un carolo qui s&rsquo;\u00e9tait \u00e9tabli \u00e0 Bastogne et qui suivait notre combat, nous d\u00e9cidons d&rsquo;organiser une expo \u00ab anodine \u00bb dans la salle de l\u2019H\u00f4tel de Ville de Bastogne, ville o\u00f9 le Bourgmestre est aussi Ministre de l\u2019Environnement avec la tutelle des terrils dans ses attributions. C&rsquo;est un squatt qui ne dit pas son nom !<\/p>\n\n\n\n<p>Squatter, oui mais avec une exposition sur le charbon, la mine, les terrils et notre projet de valorisation du Martinet.<\/p>\n\n\n\n<p>Succ\u00e8s consid\u00e9rable ! Toutes les \u00e9coles primaires et secondaires de la ville d\u00e9filent ainsi qu\u2019un tr\u00e8s nombreux public. La presse r\u00e9gionale est tr\u00e8s \u00e9logieuse quant \u00e0 la qualit\u00e9 de l\u2019exposition.<\/p>\n\n\n\n<p>Au fil des visites, on peut se rendre compte que les plus jeunes n\u2019ont jamais touch\u00e9 le charbon et que pour beaucoup , vu des Ardennes, un terril n\u2019est souvent qu\u2019un monticule conique et tout noir.<\/p>\n\n\n\n<p>Apr\u00e8s une semaine de pr\u00e9sence, et au moment de d\u00e9crocher, le Ministre n\u2019est toujours pas venu nous rendre visite.<\/p>\n\n\n\n<p>Puisqu\u2019il ne vient pas \u00e0 nous, nous allons \u00e0 lui !<br>Alors, avec beaucoup d\u2019audace et par un subterfuge nous r\u00e9ussissons \u00e0 l\u2019amener \u00e0 l\u2019exposition.<br>La discussion est longue et pas facile, m\u00eame si elle est appuy\u00e9e par de nombreux plans, photos et documents scientifiques.<\/p>\n\n\n\n<p>A court d\u2019arguments, conquis par les n\u00f4tres, le Ministre craque.<br>IL ne peut que reconna\u00eetre l\u2019\u00e9vidence !<\/p>\n\n\n\n<p>Notre escapade ardennaise n\u2019aura pas \u00e9t\u00e9 vaine.<br><strong>Quelques semaines plus tard, l\u2019Ex\u00e9cutif Wallon classe le Martinet en cat\u00e9gorie \u00ab INTOUCHABLE \u00bb<\/strong>.<\/p>\n\n\n\n<figure class=\"wp-block-gallery has-nested-images columns-default is-cropped wp-block-gallery-1 is-layout-flex wp-block-gallery-is-layout-flex\">\n<figure class=\"wp-block-image size-large\"><a href=\"https:\/\/terrildumartinet.be\/wp-content\/uploads\/2022\/05\/mineurs_bastogne.jpg\"><img loading=\"lazy\" decoding=\"async\" width=\"581\" height=\"481\" data-id=\"66\" src=\"https:\/\/terrildumartinet.be\/wp-content\/uploads\/2022\/05\/mineurs_bastogne.jpg\" alt=\"\" class=\"wp-image-66\" srcset=\"https:\/\/quartierdumartinet.be\/wp-content\/uploads\/2022\/05\/mineurs_bastogne.jpg 581w, https:\/\/quartierdumartinet.be\/wp-content\/uploads\/2022\/05\/mineurs_bastogne-300x248.jpg 300w, https:\/\/quartierdumartinet.be\/wp-content\/uploads\/2022\/05\/mineurs_bastogne-1x1.jpg 1w\" sizes=\"auto, (max-width: 581px) 85vw, 581px\" \/><\/a><\/figure>\n\n\n\n<figure class=\"wp-block-image size-large\"><a href=\"https:\/\/terrildumartinet.be\/wp-content\/uploads\/2022\/05\/bastogne2.jpg\"><img loading=\"lazy\" decoding=\"async\" width=\"448\" height=\"256\" data-id=\"65\" src=\"https:\/\/terrildumartinet.be\/wp-content\/uploads\/2022\/05\/bastogne2.jpg\" alt=\"\" class=\"wp-image-65\" srcset=\"https:\/\/quartierdumartinet.be\/wp-content\/uploads\/2022\/05\/bastogne2.jpg 448w, https:\/\/quartierdumartinet.be\/wp-content\/uploads\/2022\/05\/bastogne2-300x171.jpg 300w, https:\/\/quartierdumartinet.be\/wp-content\/uploads\/2022\/05\/bastogne2-1x1.jpg 1w\" sizes=\"auto, (max-width: 448px) 85vw, 448px\" \/><\/a><\/figure>\n<figcaption class=\"blocks-gallery-caption wp-element-caption\">Extraits de l&rsquo;Avenir du Luxembourg, 10 f\u00e9vrier 1995<\/figcaption><\/figure>\n\n\n\n<p class=\"has-white-color has-text-color has-background has-x-large-font-size\" style=\"background-color:#339933;text-transform:uppercase\"><strong>Deuxi\u00e8me victoire !<\/strong><\/p>\n\n\n\n<p class=\"has-large-font-size\">Suite : <a href=\"https:\/\/terrildumartinet.be\/index.php\/historique\/de-largent-en-fallait-il-que-oui\/\">De l\u2019argent en fallait-il ? Que oui !<\/a><\/p>\n","protected":false},"excerpt":{"rendered":"<p>Durant des semaines, plus rien ne bouge. C\u2019est difficilement supportable ! C\u2019est alors que par l&rsquo;interm\u00e9diaire d&rsquo;un carolo qui s&rsquo;\u00e9tait \u00e9tabli \u00e0 Bastogne et qui suivait notre combat, nous d\u00e9cidons d&rsquo;organiser une expo \u00ab anodine \u00bb dans la salle de l\u2019H\u00f4tel de Ville de Bastogne, ville o\u00f9 le Bourgmestre est aussi Ministre de l\u2019Environnement avec &hellip; <a href=\"https:\/\/quartierdumartinet.be\/index.php\/historique\/un-squatt-a-bastogne\/\" class=\"more-link\">Continuer la lecture<span class=\"screen-reader-text\"> de &laquo;&nbsp;Un squatt \u00e0 Bastogne&nbsp;&raquo;<\/span><\/a><\/p>\n","protected":false},"author":1,"featured_media":0,"parent":20,"menu_order":7,"comment_status":"closed","ping_status":"closed","template":"","meta":{"footnotes":""},"class_list":["post-64","page","type-page","status-publish","hentry"],"_links":{"self":[{"href":"https:\/\/quartierdumartinet.be\/index.php\/wp-json\/wp\/v2\/pages\/64","targetHints":{"allow":["GET"]}}],"collection":[{"href":"https:\/\/quartierdumartinet.be\/index.php\/wp-json\/wp\/v2\/pages"}],"about":[{"href":"https:\/\/quartierdumartinet.be\/index.php\/wp-json\/wp\/v2\/types\/page"}],"author":[{"embeddable":true,"href":"https:\/\/quartierdumartinet.be\/index.php\/wp-json\/wp\/v2\/users\/1"}],"replies":[{"embeddable":true,"href":"https:\/\/quartierdumartinet.be\/index.php\/wp-json\/wp\/v2\/comments?post=64"}],"version-history":[{"count":7,"href":"https:\/\/quartierdumartinet.be\/index.php\/wp-json\/wp\/v2\/pages\/64\/revisions"}],"predecessor-version":[{"id":1945,"href":"https:\/\/quartierdumartinet.be\/index.php\/wp-json\/wp\/v2\/pages\/64\/revisions\/1945"}],"up":[{"embeddable":true,"href":"https:\/\/quartierdumartinet.be\/index.php\/wp-json\/wp\/v2\/pages\/20"}],"wp:attachment":[{"href":"https:\/\/quartierdumartinet.be\/index.php\/wp-json\/wp\/v2\/media?parent=64"}],"curies":[{"name":"wp","href":"https:\/\/api.w.org\/{rel}","templated":true}]}}