{"id":72,"date":"2022-05-31T10:15:50","date_gmt":"2022-05-31T08:15:50","guid":{"rendered":"https:\/\/terrildumartinet.be\/?page_id=72"},"modified":"2026-02-06T16:56:08","modified_gmt":"2026-02-06T15:56:08","slug":"de-largent-en-fallait-il-que-oui","status":"publish","type":"page","link":"https:\/\/quartierdumartinet.be\/index.php\/historique\/de-largent-en-fallait-il-que-oui\/","title":{"rendered":"De l\u2019argent en fallait-Il ? Que Oui !"},"content":{"rendered":"\n<p>Il y a les dossiers, avec photos couleurs parfois dupliqu\u00e9s en 70 exemplaires , les frais de courriers, d&rsquo;organisation d&rsquo;actions, les juristes, les tr\u00e8s nombreux feuillets d&rsquo; information largement diffus\u00e9s tous azimuts, etc\u2026<\/p>\n\n\n\n<p>Ainsi, chaque d\u00e9cideur, ministre, d\u00e9put\u00e9, s\u00e9nateur, bourgmestre, \u00e9chevin, conseiller, re\u00e7oit de volumineux dossiers truff\u00e9s de photos et, ce qui ne g\u00e2te rien, de quelques photos a\u00e9riennes du site du Martinet mais aussi des paysages lunaires laiss\u00e9s par Ryan apr\u00e8s exploitation. Et dire qu&rsquo;ils avaient en sus le culot de baptiser  leur travail de  \u00ab valorisation des terrils \u00bb.<\/p>\n\n\n\n<p>Pour rentabiliser le co\u00fbt de l\u2019avion et des survols des sites exploit\u00e9s par la Ryan Europe, nous cr\u00e9ons symboliquement la \u00ab <em>MARTINAIR <\/em>\u00bb et organisons des bapt\u00eames de l\u2019air avec passage au-dessus  du quartier et autres balades a\u00e9riennes plus lointaines.<\/p>\n\n\n\n<p>C\u2019est le succ\u00e8s ! Tout en restant bien les pieds sur terre, c\u2019est tout le quartier qui d\u00e9colle !<\/p>\n\n\n\n<p><strong>De l\u2019argent encore :<\/strong><\/p>\n\n\n\n<ul class=\"wp-block-list\">\n<li>En cr\u00e9ant, avec l\u2019appui d\u2019un professionnel du th\u00e9\u00e2tre, une parodie de \u00ab l\u2019affaire Ryan \u00bb. <br>42 acteurs, de tout \u00e2ge, qui ne sont jamais mont\u00e9s sur les planches, font un tabac ! Pr\u00e8s de 600 entr\u00e9es ! Du jamais vu \u00e0 Roux ! Au m\u00eame moment, au Palais des Beaux Arts de Charleroi, on remboursait quelques rares fans du chanteur Demis Roussos vu le manque de personnes dans la salle.<\/li>\n\n\n\n<li>On \u00e9dite sur papier parchemin des \u00ab actions \u00bb, titre symbolique de propri\u00e9t\u00e9 des terrils. Elles sont vendues dans tout le quartier et bien au-del\u00e0 car tous ceux qui soutiennent notre combat adh\u00e8rent \u00e0 l&rsquo;id\u00e9e de d\u00e9tenir un \u00ab\u00a0titre de propri\u00e9t\u00e9\u00a0\u00bb d&rsquo;une parcelle des terrils du Martinet. <\/li>\n\n\n\n<li>En plein hiver, on cr\u00e9e le \u00ab Th\u00e9 du Martinet \u00bb. Bizarre ! Alors que jamais personne n\u2019est all\u00e9 cueillir d\u2019herbes, plantes ou de fleurs sur les pentes des terrils (c&rsquo;\u00e9tait en fait un alcool \u00e0 boire chaud).<\/li>\n\n\n\n<li>Un peu tard plus viendra la \u00ab Cuv\u00e9e du Martinet \u00bb. En fait, une bi\u00e8re artisanale.<br>Et puisque nous \u00e9tions entre nous et que personne n\u2019\u00e9tait li\u00e9 de pr\u00e8s ou de loin aux finances, le slogan pour la vendre \u00e9tait et est toujours : La Cuv\u00e9e du Martinet est une bi\u00e8re \u00a0\u00bb brass\u00e9e clandestinement mais vendue officiellement  !\u00bb  Le fait de penser que l&rsquo;on buvait un produit ill\u00e9gal renfor\u00e7ait l&rsquo;image forte du Comit\u00e9 de D\u00e9fense et doublait, triplait,.. les ventes.<\/li>\n<\/ul>\n\n\n<div class=\"wp-block-image\">\n<figure class=\"alignleft size-full\"><img loading=\"lazy\" decoding=\"async\" width=\"558\" height=\"387\" src=\"https:\/\/terrildumartinet.be\/wp-content\/uploads\/2022\/05\/etiquette_cuvee_speciale_martinet.jpg\" alt=\"\" class=\"wp-image-73\" srcset=\"https:\/\/quartierdumartinet.be\/wp-content\/uploads\/2022\/05\/etiquette_cuvee_speciale_martinet.jpg 558w, https:\/\/quartierdumartinet.be\/wp-content\/uploads\/2022\/05\/etiquette_cuvee_speciale_martinet-300x208.jpg 300w, https:\/\/quartierdumartinet.be\/wp-content\/uploads\/2022\/05\/etiquette_cuvee_speciale_martinet-1x1.jpg 1w\" sizes=\"auto, (max-width: 558px) 85vw, 558px\" \/><figcaption class=\"wp-element-caption\"><em>\u00c9tiquette de la Cuv\u00e9e Sp\u00e9ciale Martinet 25cl<\/em><\/figcaption><\/figure>\n<\/div>\n\n\n<p>Vous l\u2019aurez compris, toute cette dynamique a largement contribu\u00e9 \u00e0 affirmer les liens sociaux dans le quartier et \u00e0 cr\u00e9er une convivialit\u00e9 tr\u00e8s convoit\u00e9e.<\/p>\n\n\n\n<p class=\"has-large-font-size\">Suite : <a href=\"https:\/\/terrildumartinet.be\/index.php\/historique\/classer-le-site-devait-etre-pour-nous-un-passage-oblige-pour-faire-aboutir-notre-projet\/\">Classer le site devait \u00eatre pour nous un passage oblig\u00e9 pour faire aboutir notre projet<\/a><\/p>\n","protected":false},"excerpt":{"rendered":"<p>Il y a les dossiers, avec photos couleurs parfois dupliqu\u00e9s en 70 exemplaires , les frais de courriers, d&rsquo;organisation d&rsquo;actions, les juristes, les tr\u00e8s nombreux feuillets d&rsquo; information largement diffus\u00e9s tous azimuts, etc\u2026 Ainsi, chaque d\u00e9cideur, ministre, d\u00e9put\u00e9, s\u00e9nateur, bourgmestre, \u00e9chevin, conseiller, re\u00e7oit de volumineux dossiers truff\u00e9s de photos et, ce qui ne g\u00e2te rien, &hellip; <a href=\"https:\/\/quartierdumartinet.be\/index.php\/historique\/de-largent-en-fallait-il-que-oui\/\" class=\"more-link\">Continuer la lecture<span class=\"screen-reader-text\"> de &laquo;&nbsp;De l\u2019argent en fallait-Il ? Que Oui !&nbsp;&raquo;<\/span><\/a><\/p>\n","protected":false},"author":1,"featured_media":0,"parent":20,"menu_order":8,"comment_status":"closed","ping_status":"closed","template":"","meta":{"footnotes":""},"class_list":["post-72","page","type-page","status-publish","hentry"],"_links":{"self":[{"href":"https:\/\/quartierdumartinet.be\/index.php\/wp-json\/wp\/v2\/pages\/72","targetHints":{"allow":["GET"]}}],"collection":[{"href":"https:\/\/quartierdumartinet.be\/index.php\/wp-json\/wp\/v2\/pages"}],"about":[{"href":"https:\/\/quartierdumartinet.be\/index.php\/wp-json\/wp\/v2\/types\/page"}],"author":[{"embeddable":true,"href":"https:\/\/quartierdumartinet.be\/index.php\/wp-json\/wp\/v2\/users\/1"}],"replies":[{"embeddable":true,"href":"https:\/\/quartierdumartinet.be\/index.php\/wp-json\/wp\/v2\/comments?post=72"}],"version-history":[{"count":6,"href":"https:\/\/quartierdumartinet.be\/index.php\/wp-json\/wp\/v2\/pages\/72\/revisions"}],"predecessor-version":[{"id":1989,"href":"https:\/\/quartierdumartinet.be\/index.php\/wp-json\/wp\/v2\/pages\/72\/revisions\/1989"}],"up":[{"embeddable":true,"href":"https:\/\/quartierdumartinet.be\/index.php\/wp-json\/wp\/v2\/pages\/20"}],"wp:attachment":[{"href":"https:\/\/quartierdumartinet.be\/index.php\/wp-json\/wp\/v2\/media?parent=72"}],"curies":[{"name":"wp","href":"https:\/\/api.w.org\/{rel}","templated":true}]}}